{"id":21,"date":"2014-08-27T16:32:17","date_gmt":"2014-08-27T15:32:17","guid":{"rendered":"http:\/\/recherche.ehesp.fr\/ricap\/?page_id=21"},"modified":"2015-07-24T15:06:08","modified_gmt":"2015-07-24T14:06:08","slug":"travaux-de-recherche","status":"publish","type":"page","link":"https:\/\/recherche.ehesp.fr\/ricap\/travaux-de-recherche\/","title":{"rendered":"Travaux de recherche"},"content":{"rendered":"<p>Cette section regroupe l&rsquo;ensemble des travaux r\u00e9alis\u00e9s \u00e0 ce jour ou en cours de r\u00e9alisation.<\/p>\n<p>Elle sera compl\u00e9t\u00e9e au fur et \u00e0 mesure de l&rsquo;avancement du projet de recherche.<\/p>\n","protected":false},"excerpt":{"rendered":"<p>Cette section regroupe l&rsquo;ensemble des travaux r\u00e9alis\u00e9s \u00e0 ce jour ou en cours de r\u00e9alisation. Elle sera compl\u00e9t\u00e9e au fur et \u00e0 mesure de l&rsquo;avancement du projet de recherche.<\/p>\n","protected":false},"author":3,"featured_media":0,"parent":0,"menu_order":0,"comment_status":"closed","ping_status":"open","template":"","meta":{"footnotes":""},"class_list":["post-21","page","type-page","status-publish","hentry"],"_links":{"self":[{"href":"https:\/\/recherche.ehesp.fr\/ricap\/wp-json\/wp\/v2\/pages\/21","targetHints":{"allow":["GET"]}}],"collection":[{"href":"https:\/\/recherche.ehesp.fr\/ricap\/wp-json\/wp\/v2\/pages"}],"about":[{"href":"https:\/\/recherche.ehesp.fr\/ricap\/wp-json\/wp\/v2\/types\/page"}],"author":[{"embeddable":true,"href":"https:\/\/recherche.ehesp.fr\/ricap\/wp-json\/wp\/v2\/users\/3"}],"replies":[{"embeddable":true,"href":"https:\/\/recherche.ehesp.fr\/ricap\/wp-json\/wp\/v2\/comments?post=21"}],"version-history":[{"count":14,"href":"https:\/\/recherche.ehesp.fr\/ricap\/wp-json\/wp\/v2\/pages\/21\/revisions"}],"predecessor-version":[{"id":454,"href":"https:\/\/recherche.ehesp.fr\/ricap\/wp-json\/wp\/v2\/pages\/21\/revisions\/454"}],"wp:attachment":[{"href":"https:\/\/recherche.ehesp.fr\/ricap\/wp-json\/wp\/v2\/media?parent=21"}],"curies":[{"name":"wp","href":"https:\/\/api.w.org\/{rel}","templated":true}]}}